n divisor of 616 and 33?
11
What is the highest common divisor of 240 and 300?
60
Calculate the greatest common divisor of 576 and 720.
144
Calculate the highest common divisor of 14 and 483.
7
Calculate the greatest common factor of 1901 and 1.
1
What is the greatest common divisor of 28 and 70?
14
What is the highest common divisor of 3131 and 93?
31
What is the greatest common divisor of 198 and 2552?
22
Calculate the highest common divisor of 405 and 4779.
81
Calculate the highest common divisor of 126 and 8127.
63
Calculate the highest common factor of 40 and 20.
20
Calculate the highest common factor of 194 and 1261.
97
What is the greatest common factor of 275 and 11?
11
What is the greatest common factor of 12 and 1740?
12
Calculate the greatest common divisor of 140 and 17255.
35
Calculate the greatest common divisor of 51 and 2652.
51
What is the greatest common divisor of 312 and 390?
78
What is the greatest common factor of 70 and 10?
10
What is the greatest common factor of 21432 and 192?
24
Calculate the greatest common factor of 6 and 57.
3
Calculate the greatest common factor of 148 and 164.
4
Calculate the greatest common divisor of 137 and 137.
137
Calculate the greatest common factor of 265 and 25705.
265
What is the highest common divisor of 801 and 27?
9
What is the highest common divisor of 200 and 300?
100
Calculate the highest common divisor of 210 and 330.
30
Calculate the greatest common factor of 189 and 7.
7
Calculate the greatest common divisor of 116 and 29.
29
What is the highest common divisor of 1 and 89?
1
Calculate the highest common divisor of 102 and 272.
34
Calculate the greatest common factor of 2899 and 78.
13
Calculate the highest common factor of 1558 and 38.
38
Calculate the highest common divisor of 52 and 286.
26
Calculate the highest common divisor of 20808 and 153.
153
What is the highest common factor of 43350 and 17?
17
Calculate the highest common divisor of 2646 and 1078.
98
Calculate the highest common divisor of 42 and 1036.
14
What is the highest common divisor of 8 and 100?
4
What is the highest common divisor of 5577 and 33?
33
What is the highest common factor of 407 and 11?
11
Calculate the greatest common divisor of 119 and 10693.
17
Calculate the greatest common factor of 234 and 126.
18
What is the highest common divisor of 95 and 63555?
95
What is the highest common divisor of 186 and 13578?
186
What is the highest common divisor of 2345 and 70?
35
Calculate the greatest common divisor of 2 and 3.
1
Calculate the greatest common divisor of 29 and 1189.
29
What is the highest common divisor of 108 and 12348?
36
Calculate the greatest common factor of 83 and 664.
83
Calculate the highest common divisor of 189 and 81.
27
What is the greatest common divisor of 204 and 36?
12
Calculate the greatest common divisor of 132 and 4664.
44
Calculate the highest common factor of 864 and 64.
32
Calculate the highest common factor of 24 and 3144.
24
Calculate the highest common factor of 184 and 161.
23
Calculate the greatest common factor of 2263 and 146.
73
Calculate the highest common factor of 5908 and 633.
211
Calculate the highest common divisor of 315 and 126.
63
What is the greatest common factor of 65 and 80?
5
Calculate the greatest common factor of 2080 and 120.
40
Calculate the highest common divisor of 35 and 77.
7
Calculate the highest common divisor of 9472 and 148.
148
Calculate the greatest common divisor of 627 and 2337.
57
Calculate the greatest common factor of 117 and 27.
9
Calculate the highest common factor of 104 and 2678.
26
Calculate the highest common divisor of 77 and 27181.
77
What is the greatest common factor of 12 and 156?
12
Calculate the greatest common factor of 15 and 40.
5
Calculate the highest common factor of 1701 and 56.
7
Calculate the highest common factor of 16 and 44.
4
What is the highest common factor of 96 and 156?
12
What is the greatest common divisor of 120 and 360?
120
Calculate the highest common divisor of 231 and 21.
21
Calculate the greatest common divisor of 150 and 6.
6
Calculate the greatest common divisor of 786 and 6.
6
What is the highest common divisor of 690 and 60?
30
What is the greatest common factor of 23 and 1679?
23
Calculate the highest common factor of 777 and 7.
7
Calculate the greatest common factor of 205 and 287.
41
Calculate the highest common factor of 104 and 39.
13
Calculate the greatest common divisor of 2740 and 20.
20
Calculate the highest common divisor of 39 and 130.
13
Calculate the greatest common divisor of 121 and 13673.
121
What is the greatest common factor of 25 and 275?
25
Calculate the greatest common factor of 2 and 274.
2
Calculate the highest common factor of 760 and 80.
40
Calculate the highest common divisor of 119 and 12971.
119
What is the greatest common divisor of 234 and 18?
18
Calculate the highest common factor of 104 and 897.
13
What is the highest common divisor of 66 and 462?
66
What is the highest common factor of 384 and 24?
24
Calculate the greatest common divisor of 66 and 48.
6
Calculate the highest common divisor of 1404 and 156.
156
What is the highest common factor of 9 and 666?
9
What is the greatest common divisor of 40 and 390?
10
Calculate the greatest common factor of 21 and 245.
7
Calculate the highest common divisor of 140 and 320.
20
Calculate the greatest common divisor of 120 and 7160.
40
Calculate the greatest common factor of 18 and 6147.
9
Calculate the greatest common factor of 221 and 39.
13
What is the greatest common factor of 31209 and 303?
303
What is the greatest common factor of 171 and 207?
9
Calculate the highest common factor of 135 and 432.
27
What is the highest common factor of 195 and 78?
39
What is the greatest common divisor of 14 and 42?
14
What is the greatest common factor of 2192 and 3014?
274
Calculate the greatest common divisor of 18 and 450.
18
Calculate the greatest common divisor of 329 and 21.
7
What is the highest common factor of 646 and 38?
38
Calculate the greatest common factor of 50 and 18350.
50
Calculate the highest common divisor of 511 and 4745.
73
What is the highest common factor of 1711 and 58?
29
Calculate the highest common divisor of 18 and 6.
6
What is the greatest common factor of 247 and 13?
13
What is the highest common divisor of 7 and 1267?
7
What is the highest common factor of 15 and 95?
5
Calculate the greatest common divisor of 98 and 392.
98
What is the highest common factor of 2360 and 32?
8
What is the greatest common factor of 22587 and 3?
3
Calculate the greatest common divisor of 559 and 13.
13
Calculate the highest common divisor of 2484 and 345.
69
Calculate the greatest common factor of 583 and 22.
11
What is the highest common divisor of 10534 and 92?
46
Calculate the highest common divisor of 74 and 148.
74
What is the greatest common factor of 7 and 2611?
7
What is the highest common factor of 124 and 4?
4
Calculate the highest common divisor of 53 and 2862.
53
Calculate the greatest common divisor of 74777 and 47.
47
What is the greatest common divisor of 81 and 1377?
81
What is the highest common factor of 116 and 12644?
116
Calculate the greatest common divisor of 2310 and 336.
42
Calculate the highest common divisor of 5 and 365.
5
Calculate the highest common divisor of 915 and 3477.
183
Calculate the highest common factor of 1104 and 48.
48
What is the highest common factor of 372 and 3441?
93
What is the greatest common factor of 106 and 2597?
53
Calculate the greatest common factor of 10444 and 56.
28
What is the highest common divisor of 744 and 93?
93
What is the greatest common divisor of 34 and 799?
17
What is the greatest common factor of 306 and 374?
34
Calculate the highest common divisor of 640 and 20.
20
What is the greatest common divisor of 330 and 30?
30
What is the greatest common divisor of 23 and 575?
23
What is the highest common divisor of 16 and 17968?
16
Calculate the highest common factor of 70 and 112.
14
What is the highest common divisor of 60 and 20?
20
What is the highest common factor of 366 and 24?
6
What is the greatest common factor of 378 and 162?
54
Calculate the highest common factor of 12 and 13812.
12
What is the greatest common divisor of 20 and 36?
4
Calcula